2 + 4) - -2).
-2
What is the value of 4 - (3 + -9 - (-13 - -7))?
4
3 + 2 + -11 - -1
-5
What is -5 + 3 - -7 - 11?
-6
What is -29 + 35 + (2 - 3)?
5
What is the value of -5 - (-5 + -4 + (15 - 7))?
-4
What is 107 - 102 - (0 - (-1 - 0))?
4
What is -29 + 7 + 8 - -8?
-6
What is the value of 0 + 0 - (-4 - (3 - 6))?
1
Evaluate 12 + -2 + -2 - 5 - 11.
-8
-6 + 10 + 8 + -8
4
What is 11 - 1 - (64 + -56)?
2
Calculate 17 + -25 + (7 - 0).
-1
What is the value of 3 + 1 + 0 - 9?
-5
What is -9 + (6 + 3 - -3)?
3
What is the value of (-6 - -9) + (-5 - (-6 - -8))?
-4
What is -3 - ((5 - 1) + -3)?
-4
Evaluate 10 + -11 - (3 - 19) - 6.
9
Evaluate 4 - (4 - (-5 + 2)).
-3
Evaluate (-8 - -5) + 0 + 1 + 2.
0
What is -1 - (-1 - -6) - (18 - 19)?
-5
Calculate 2 + (1 + -11 - -4).
-4
7 - (-2 + 3 - -2)
4
Calculate 0 + 0 + -7 + (7 - -1).
1
What is -1 + (0 - (-7 + (-2 - -5)))?
3
Evaluate -1 - ((1 + 1 - 5) + 1).
1
What is 0 + 4 + -3 + (-1 - 0)?
0
Evaluate (0 - (2 - -1)) + 2.
-1
Calculate -4 + (1 - (-4 + (0 - -2))).
-1
What is the value of 15 - (7 + 0) - 4?
4
Calculate 35 + -44 - (0 + -5).
-4
What is the value of 3 - -1 - (-8 + 17)?
-5
Evaluate -1 + (5 - 13) + 5.
-4
Evaluate 2 + -5 + 11 - (5 + 2).
1
Evaluate 125 + -116 + (-4 - 1).
4
What is -2 - (-4 + -6 + 7)?
1
4 + -21 + 10 + (-9 - -6)
-10
4 - (-1 - -7) - -9
7
Calculate -4 + (-4 - -9) + (-2 - 0).
-1
Calculate 1 + (2 - 6) + 1.
-2
Calculate 1 - 2 - (22 + -19).
-4
Calculate 59 - 50 - (-1 - 0 - -4).
6
Evaluate 2 - 2 - ((3 - -2) + -3).
-2
-1 + 5 + -5 + 1 + 1
1
Evaluate 1 - (-2 + -1 + 3 + 2).
-1
What is 1 + -1 + (1 - (1 + -1))?
1
Calculate 3 + -2 - -3 - 0.
4
What is 0 + -6 + 15 + -9?
0
-11 + 9 + (-2 - -5)
1
Evaluate (3 - (11 - (7 - 2))) + 2.
-1
1 + -6 + 1 + 5
1
What is -11 - -13 - (-3 + 0)?
5
Evaluate -2 + -1 - (31 - 26).
-8
3 - (3 + 3 - 4)
1
What is 11 - (-2 + (4 - -6))?
3
(-9 - -4) + 7 - 4
-2
Calculate 0 - (3 - (10 - 4) - -1).
2
What is the value of -1 + 3 + (9 - 6)?
5
What is 5 + -2 + 1 + -5 - 1?
-2
Calculate (-6 - 3) + (28 - 14).
5
What is the value of (14 - 12) + 3 + -13?
-8
-1 - 1 - (-4 - 1)
3
Calculate -6 + 2 - (4 + -7).
-1
Evaluate 3 - (13 + -1 + -4).
-5
(7 - 9 - 14) + 9
-7
What is -10 + 2 + 2 + 7?
1
What is -2 - (17 + -4 + -9)?
-6
Evaluate 3 + (-7 - -1) - -2.
-1
What is (5 + 3 - (2 - -2)) + -14?
-10
Calculate 9 + 1 - (137 + -129).
2
Evaluate -2 - -1 - (0 - 1).
0
2 - (-3 - (-1 - 2))
2
Calculate -7 - (0 + -2 - 14 - -2).
7
Calculate -2 + 2 - (-2 + -1 + 6).
-3
What is -3 - (-1 + (7 - 2))?
-7
Calculate (0 - -1) + (-54 - -51) + -3.
-5
0 - -2 - (-3 - -3)
2
Calculate -5 + (3 - (1 - 2)).
-1
38 + -41 + (8 - 1)
4
Evaluate -1 + (5 - -1) + -5.
0
What is -19 + 14 + (9 - 2)?
2
Evaluate 6 + -1 - (5 - 4).
4
What is the value of (19 - 22) + (-3 - -1) + 4?
-1
What is -7 + 4 + 3 - (-3 - 0)?
3
What is 0 + -10 + 5 - -5?
0
Evaluate 3 - (0 + (-5 - (-9 - -3))).
2
What is 5 + 3 + -4 + -3?
1
Evaluate -7 - -6 - (3 + -1 - 5).
2
Evaluate (-1 - (-2 - -5)) + 0.
-4
What is the value of 4 - (0 + (3 - (-5 + 5)))?
1
What is 3 - (-7 - -14 - 5)?
1
Evaluate -2 - (2 + (-3 - -1) - 5).
3
What is -5 + 12 + -11 + -1?
-5
Calculate 3 - 1 - (-130 + 135).
-3
What is the value of 0 - -7 - (0 + 19 + -8)?
-4
Evaluate (6 - 10) + 4 + -3 + 0.
-3
Calculate -4 - 0 - (84 + -88).
0
What is the value of 18 - 13 - ((5 - 5) + 3)?
2
0 - (-8 + -1 + 5) - 5
-1
-26 + 37 + (3 - 7)
7
What is the value of 17 + (8 - (14 + 3))?
8
Evaluate 2 - -14 - (75 + -68).
9
(4 - 4) + -4 - 3
-7
(4 - (2 - 0)) + 48 + -44
6
((1 - 2) + -3 - -8) + -6
-2
What is -3 + -3 + -3 + -1 + 5?
-5
Evaluate -8 - -3 - -3 - -2.
0
(1 - -5) + (-1 - 3) + 2
4
14 + -11 + (-5 + 2 - -2)
2
Calculate -8 + -5 + (7 - -2) + 7.
3
What is the value of 20 + -26 - (-3 - -1)?
-4
Evaluate -1 + (0 - -2) + (-49 - -37).
-11
-3 + (-10 - -9) + 6 + -1
1
-4 - 2 - (6 - (12 + -6))
-6
What is 4 + (-3 - -6 - (1 + 2))?
4
4 + (0 - (-1 - -2)) - -2
5
Evaluate -7 + 3 + -2 - -1.
-5
What is 9 + 4 + -11 + 4?
6
Calculate -1 - (1 - -5) - (-22 + 20).
-5
Calculate -2 - -2 - (5 - 2).
-3
0 + 8 + -14 - (-1 + -3)
-2
Calculate -2 + (2 + -4 - -4).
0
What is the value of -11 + (4 - 2 - -2) + 4?
-3
Calculate -2 + -3 + 3 + (3 - 3).
-2
Calculate 1 + 2 + (-3 - 2).
-2
-3 + -5 + 13 - 0
5
Evaluate -1 + 0 + (0 - (0 - 0)).
-1
Evaluate 30 + -42 + (7 - 4).
-9
-4 + (4 - 0) - -3
3
Calculate 12 + 0 + -16 + 6.
2
Calculate -3 - (8 + (6 - 21)).
4
What is the value of (-9 - -7) + 0 + 7 + 0?
5
-19 - (0 + -4) - -7
-8
What is the value of -2 + 0 + (0 - -5) - 6?
-3
Evaluate -1 - (8 + -1 + -2) - -4.
-2
Calculate -6 + 0 - (-2 - 2).
-2
What is -5 + 4 + 5 + -5?
-1
Calculate -1 + 3 + (-6 - (8 + -7)).
-5
Calculate 3 + -7 - (-4 + 10).
-10
0 - (2 + 0 + (2 - 6))
2
0 + 4 - (9 - 2) - -8
5
Calculate (113 - 102) + -9 + -1.
1
(-2 - -9) + -9 + (-7 - -3)
-6
What is the value of 20 + -23 - (-1 + 3)?
-5
Evaluate -3 - (-2 + -3 - -3).
-1
Calculate -14 - (8 + 1 + -12).
-11
What is (0 - 4) + (4 - (-2 + 4))?
-2
-4 + (-1 + -6 - -7)
-4
Evaluate 2 - (-1 + (-1 - -4 - 5)).
5
What is 11 + -15 + (-1 - -11)?
6
Evaluate 1 - (3 - -2) - (-11 + 16).
-9
What is the value of -2 - ((3 - 2) + -3)?
0
What is 25 + -38 - (-7 - (-1 + 0))?
-7
-7 + -46 + 38 + 23 + 0
8
Calculate 6 - (-8 + -2 + 4 - -12).
0
What is (1 - -2 - (3 - -2)) + -1?
-3
Evaluate -6 + (9 - 7) - -4.
0
Calculate 6 + 2 + -15 - -5.
-2
What is (6 - (-6 + 13)) + 5 + 2?
6
What is -5 + (0 - -2 - 0)?
-3
Evaluate 2 + 3 + -1 + -3.
1
What is the value of -2 + 4 + -6 + 3?
-1
Evaluate 1 + 9 + (31 - 40).
1
Evaluate -19 - (-16 + 2) - (-1 + 0).
-4
8 + -8 + (1 - (-4 + 2))
3
What is the value of 23 + -2 + -6 - (-3 + 9)?
9
Evaluate (-9 - 0) + (-8 - (11 + -24)).
-4
What is 2 + (0 - 1) + -4?
-3
What is -12 - ((5 - 8) + -4) - -8?
3
Calculate -4 - (-4 + 15 + (-13 - -6)).
-8
What is 2 + (1 - -1 - (-19 + 20))?
3
(4 - 0) + (26 - 31)
-1
Evaluate 2 + (0 + -1 - (8 + -11)).
4
Evaluate (5 - 1) + 2 + -2.
4
What is the value of (2 - 1) + 10 + -22 + 15?
4
-2 + 3 + 3 + (-2 - -2)
4
Calculate 2 - (1 + -2) - (3 + -3).
3
Calculate 0 + -1 - -4 - (-3 + 11).
-5
Calculate (-22 - (-13 + 13)) + 14.
-8
What is the value of (-9 - -12) + 1 + -4?
0
What is -14 - (-26 + 10) - (-2 - -8)?
-4
Calculate -4 - 1 - (17 - 19).
-3
Evaluate (-20 - -4) + (-3 - (5 + -15)).
-9
What is 1 + 3 + (6 - 5) - 1?
4
Calculate -13 - (-4 + (5 - (11 + -3))).
-6
Evaluate -1 + 4 - (-16 - (23 - 32)).
10
Evaluate 4 - (5 + -6) - (7 - 0).
-2
What is 1 - 0 - -4 - 3?
2
Calculate 15 - (4 - (-1 + 7 - 11)).
6
What is the value of (-3 - 2) + 1 + (0 - -3)?
-1
0 - 10 - -1 - -7
-2
What is -4 + (-11 - -6 - -14)?
5
(1 - 2 - 1) + 1
-1
Evaluate -5 - (-3 + 0) - -2.
0
What is the value of 4 - (-2 + -3 + 3 + 4)?
2
What is -2 - (7 - (2 + 3))?
-4
Evaluate -5 + 9 - -2 - 9.
-3
What is (0 - -7) + (-4 - (-1 + -4))?
8
2 - -1 - (-1 - -9)
-5
What is -4 + 8 + 0 + -10?
-6
Evaluate -4 - (4 + -8 + 5).
-5
Evaluate -186 + 175 - (-1 - (1 - -4)).
-5
What is the value of 5 - (-4 + (1 - -9))?
-1
Calculate 5 + 1 - (1 + -6 + 10).
1
What is the value of (4 - 2) + 8 + -7?
3
What is the value of 1 - (3 + -1 - (-1 - -6))?
4
Calculate -3 + (-1 + 14 - (-1 - -10)).
1
What is the value of 4 - (-8 - -11 - -3)?
-2
(255 - 252) + (-4 - 1)
-2
What is the value of -2 + 0 + -3 + 8?
3
Calculate -29 - -17 - (-2 + -3).
-7
Evaluate 5 + -10 + 1 + 7.
3
Calculate 0 - (5 + -7 - -2).
0
Calculate 89 + -95 - (1 + (0 - 2)).
-5
Evaluate (-2 - (3 + (4 - 4))) + 0.
-5
Evaluate (-7 - -8) + 5 + -6.
0
What is the value of -15 + (10 - 3) + 8?
0
What is the value of 5 - (-1 - -1 - (-14 - -10))?
1
(0 + -3 - (11 + -10)) + -1
-5
Evaluate -2 + (-1 + -5 - (11 + -15)).
-4
What is (2 - 7) + -7 + 15?
3
What is the value of -4 - (-7 + (-1 - -3))?
1
What is the value of -10 + 8 + -6 - -5?
-3
Evaluate 1 + -1 + 0 - (-1 + 2).
-1
What is the value of -8 + 15 + (-4 + 2 - 0)?
5
Calculate -1 - -1 - (14 - 7 - 6).
-1
Evaluate 1 - (-2 - (-2 - -3)).
4
What is the value of 8 + (-1 - (4 + (4 - 9)))?
8
What is the value of 6 - -2 - 3 - -2 - 3?
4
What is -2 + (-2 + -3 - -6)?
-1
What is -5 + (11 - 5) - (-3 - -5)?
-1
What is the value of 11 + 4 - (11 - (6 - 3))?
7
Evaluate -1 + (-5 - -14) + -5.
3
Evaluate (10 - (5 + 1)) + -11 + 12.
5
What is -2 - -9 - -2 - (2 - -3)?
4
(-2 - 0) + 2 - (3 - 2)
-1
-1 + -13 + 19 + 0
5
Calculate -6 - -13 - (-1 - -3).
5
Evaluate 2 - (-6 + 1 - -7).
0
Calculate (-1 - (1 - 2)) + 4 + 1.
5
Evaluate -8 - -3 - (0 - 1).
-4
Calcula